e 0 = -4*p + p + 48. Suppose 0 = 5*a - 3*c - 36 - 27, -a = -4*c - p. Let z(d) = -d + 1. Let q be z(-5). Calculate the highest common divisor of a and q.
6
Let o(l) = l**3 - 12*l**2 + 11*l + 3. Suppose q + 0*q = 11. Let g be o(q). What is the highest common factor of g and 21?
3
Suppose 2577*u = 2579*u - 68. Calculate the highest common factor of 68 and u.
34
Suppose -5*y = -4*y + 9. Let z be (-49)/(-3) + (-6)/y. Let h(x) = 86*x - 1. Let a be h(1). What is the greatest common factor of a and z?
17
Let m = 8 + 12. Suppose -n = 3 - 8. Suppose -2*v = -3*u + n*u - 20, 0 = -3*u + 5*v - 10. Calculate the greatest common factor of u and m.
5
Suppose 2*o - 1831 = 243. Calculate the greatest common divisor of o and 244.
61
Let a be 36/(4/144*6*2). Let y be (-8 + 0)*2/1. Let w = y - -28. What is the greatest common factor of w and a?
12
Suppose -5*g = 19 - 109. Calculate the highest common factor of g and 54.
18
Let v = 11 + -9. Let h be 6/3 - (-124)/2. Suppose v*f = -5*u + h, -19 + 62 = 2*u - 5*f. Calculate the highest common divisor of u and 42.
14
Let c be (-3 - -24) + (-2)/(-1). Let p = -41 + -293. Let y = 518 + p. What is the greatest common factor of c and y?
23
Let x = 435 - 138. Suppose 3*m + 2*m = 15, 3*i + 3*m = x. Let j(y) = y**3 - 7*y**2 + 9*y - 6. Let q be j(6). What is the highest common factor of i and q?
12
Let l = -19 + 11. Let k be (-32)/(l - -6) - (-1 + 0). Calculate the greatest common factor of k and 187.
17
Suppose -11973 - 12723 = -98*n. What is the highest common divisor of 70 and n?
14
Suppose -2*q = -3*f + 78 + 79, 2*f = q + 106. Suppose -252 + 32 = -10*o. What is the highest common divisor of o and f?
11
Let l be 1*(5 - 6)*-44. Calculate the greatest common factor of 8 and l.
4
Suppose 17*b - 1764 = 11*b. Calculate the greatest common divisor of 2 and b.
2
Suppose r - 428 = -3*d + 3*r, -d + 120 = 5*r. Suppose 5*z + 29 = -2*o + d, -z + 4*o = -9. What is the highest common factor of 35 and z?
7
Let l(u) = 15*u - 2. Suppose -5*c = c - 6. Let v be l(c). What is the highest common divisor of 52 and v?
13
Suppose 0 = -0*d + 4*d - 8. Let f(z) = 3*z**2 - 2*z + 2. Let j be f(1). Suppose -12 = -j*o + 6. Calculate the greatest common divisor of o and d.
2
Let v = 14 + 4. Let x(b) = 4*b**2. Let r be x(1). Suppose -r*u = -u - 27. What is the greatest common divisor of u and v?
9
Let n(f) = -3*f**3 - f**2 + f. Let x be n(1). Let d be 2 - (14 + 0 + x). Let s be (d/(-6))/(9/420). What is the highest common factor of s and 7?
7
Let d = -503 - -940. Calculate the greatest common factor of 57 and d.
19
Let j = 1563 - 1358. Calculate the highest common factor of j and 451.
41
Suppose -3*j + m - 2*m + 22 = 0, -j + 4*m = -3. Let d = 8 - j. Calculate the highest common divisor of d and 1.
1
Suppose 3*n - 60 = -s, -73*n + 4*s - 60 = -76*n. What is the greatest common divisor of n and 8?
4
Suppose 13*k - 280 = 5*k. Calculate the highest common divisor of k and 10.
5
Suppose 3*q - 8 = 97. Let f(n) = 4*n**3 - 37*n**2 - 4*n + 138. Let l be f(9). Calculate the highest common divisor of q and l.
7
Let q(s) = 3*s + 3. Let m(l) = -l - 2. Let a(c) = -5*m(c) - 3*q(c). Let j be a(2). Let z = j - -19. What is the highest common divisor of z and 96?
12
Suppose -108 = -4*b + 12. Calculate the greatest common factor of b and 375.
15
Let z = -105 - 68. Let n = -108 - z. What is the greatest common factor of n and 13?
13
Let p = -37 + 37. Suppose -4*y + c + 140 = -37, p = 3*y - 5*c - 137. What is the highest common factor of y and 110?
22
Suppose -2*w = -s - 8, 0*w + s - 4 = -4*w. Let r = 25 + w. Let g = -10 + r. Calculate the greatest common divisor of g and 85.
17
Let m(d) = -d**3 - 4*d**2 + 8*d + 9. Let f be (18/(-9))/(1 + -3). Suppose f = w + 7. Let g be m(w). Calculate the greatest common factor of 22 and g.
11
Suppose -265 = -3*g - 5*y - 25, 2*y - 6 = 0. Suppose g = q + 14*q. Calculate the highest common factor of q and 25.
5
Suppose 3*w = 4*w - 2. Suppose z = -w*z + 756. What is the highest common factor of 28 and z?
28
Let a be 1/4 - (-14)/8. Let y be 2/(a/(-15)*3). Let h be ((-48)/(-20))/((-2)/y). What is the highest common factor of 24 and h?
6
Let o(y) = -y**2 - 9*y - 7. Let i be o(-8). Let s = 7 + -8. Let b be s + 4 - (-2 + 4). What is the highest common factor of b and i?
1
Suppose -2*a + 22 = -4*k, 4*k - 2*k + 32 = 4*a. Suppose -4*l + 27 = -25. Let u = l - a. What is the greatest common divisor of u and 6?
6
Suppose 15*b - 35 = 8*b. Suppose -100 = -5*d - b*y - 0, -5*y = -3*d + 28. What is the greatest common factor of d and 64?
16
Let s = 25 + -9. Suppose 11*z = 7*z + s. Suppose -5*y - 26 - 23 = -2*l, -z*l - 4*y + 28 = 0. What is the greatest common divisor of l and 60?
12
Let o = -407 + 417. What is the highest common factor of 230 and o?
10
Let k be 3 + (-2 - -143 - 4). Suppose 0 = -4*u - 0*x + 4*x + k, -5*x + 97 = 3*u. Let t = u - 16. What is the highest common factor of 162 and t?
18
Let r(b) = -b**2 - 9*b - 4. Let q be r(-7). Let n be 4/20 - (-388)/q. What is the highest common factor of 117 and n?
39
Let b be 48/(3 - -1) - -2. Let y be ((-12)/7)/((-4)/14). Suppose -y*m + 3*m = 2*l - 36, -m + 11 = l. Calculate the highest common factor of b and m.
14
Let y be (-87)/(-9) - (-15)/((-45)/2). Calculate the greatest common divisor of y and 549.
9
Suppose -i - 3*i = -5*o - 495, 2*i - 245 = 5*o. Suppose -17*j = -12*j - 250. What is the greatest common divisor of i and j?
25
Suppose 31 = 2*m - 5*j, -5*m + 38 = -m - 2*j. Suppose -5*s = -3 + m. Let t = 9 - s. Calculate the highest common divisor of 40 and t.
10
Let k = 9 + 1. Let v be (0 - 4 - -1) + -1. Let y = k + v. Calculate the greatest common divisor of y and 6.
6
Let j be (118 + -2)*(66/24)/11. Let v be (-8)/(-3)*(-9)/2. Let i = j + v. What is the greatest common divisor of 17 and i?
17
Let r(t) = 75*t + 36. Let n be r(3). What is the highest common factor of 145 and n?
29
Suppose 4*c - 3*c - 73 = -2*a, -2*a + 75 = 3*c. Let n = -34 + a. Calculate the highest common factor of n and 2.
2
Suppose 45*y - 48*y - 240 = 0. Let v = 92 + y. What is the greatest common factor of v and 18?
6
Let u = 12 + -6. Suppose -u = 5*j - 8*j. Calculate the greatest common factor of 6 and j.
2
Let d be 99 - (5 + -2 - 6). Suppose 282 = 4*r + d. Calculate the highest common divisor of r and 18.
9
Let o(b) = -2*b + 50. Suppose 0 = 2*a - 23 + 23. Let v be o(a). Calculate the highest common factor of v and 10.
10
Let x = 1 + 6. Suppose 0 = -3*t - 2*i + 103, -t - 46 = -2*i - 83. Calculate the highest common divisor of t and x.
7
Let w = -35 + 41. Suppose -2*f = f + w, -4*i = f - 58. Calculate the highest common factor of i and 6.
3
Let c(l) = -3*l - 10. Let v be c(-9). What is the greatest common divisor of v and 289?
17
Suppose 2*o - 3*g - 281 = 0, 14*g - 393 = -3*o + 9*g. Let t = 43 + -26. Calculate the highest common divisor of o and t.
17
Suppose -28 = -5*i - z, 4*i - 2*i - 5*z = -5. Let a = i - -8. Suppose -2*r + 19 = -a. Calculate the highest common factor of 48 and r.
16
Let u = 439 - -3. What is the greatest common factor of u and 52?
26
Let x = 95 - 95. Suppose x = -0*z - 2*z, 4*h = -2*z + 32. Calculate the highest common factor of 12 and h.
4
Let m(w) = -2*w + 17. Let x be m(7). Suppose -x*t + 2*t = a - 119, -t + 5*a + 131 = 0. Let o = 16 + -5. Calculate the greatest common factor of t and o.
11
Suppose -6 - 6 = 4*z. Let k be z/(12/(-4)) - -6. What is the greatest common factor of k and 7?
7
Let c be (-1 - -1) + (32 - 5). Let a be 4837/63 + 6/c. Calculate the greatest common factor of 11 and a.
11
Let k = 257 + 13. Let i be (6/9)/(5/k). Calculate the highest common factor of 9 and i.
9
Let i(s) = 2*s**3 - 48*s**2 - s + 51. Let y be i(24). Let l be (0 + -1)*-38 - 1. Let r = l - y. What is the highest common divisor of r and 25?
5
Let s(o) = -o - 3. Let h be s(-11). Let n = 363 - 215. Let l = 228 - n. What is the highest common factor of h and l?
8
Suppose -9*k + 48 + 33 = 0. Suppose -3*p + 306 = -k. What is the greatest common factor of p and 30?
15
Let u(j) = 4*j**3 + j**2 - 2*j. Let s be u(2). Suppose -4*a + 5*z + 60 = 0, 5*a - 6 = -3*z + s. What is the greatest common divisor of a and 5?
5
Let j be 39 + 0 + 1 + -1. Let b = -831 + 844. Calculate the greatest common factor of b and j.
13
Suppose u = 7 - 12. Let q be 